{"version":"1.0","provider_name":"Abitbol Associes","provider_url":"https:\/\/www.abitbol-associes.com\/fr","author_name":"The team","author_url":"https:\/\/www.abitbol-associes.com\/fr\/author\/daniel\/","title":"Obtention de la nationalit\u00e9 espagnole - Abitbol Associes","type":"rich","width":600,"height":338,"html":"<blockquote class=\"wp-embedded-content\" data-secret=\"zhBG6A2VS2\"><a href=\"https:\/\/www.abitbol-associes.com\/fr\/obtention-de-la-nationalite-espagnole\/\">Obtention de la nationalit\u00e9 espagnole<\/a><\/blockquote><iframe sandbox=\"allow-scripts\" security=\"restricted\" src=\"https:\/\/www.abitbol-associes.com\/fr\/obtention-de-la-nationalite-espagnole\/embed\/#?secret=zhBG6A2VS2\" width=\"600\" height=\"338\" title=\"\u00ab\u00a0Obtention de la nationalit\u00e9 espagnole\u00a0\u00bb &#8212; Abitbol Associes\" data-secret=\"zhBG6A2VS2\" frameborder=\"0\" marginwidth=\"0\" marginheight=\"0\" scrolling=\"no\" class=\"wp-embedded-content\"><\/iframe><script type=\"text\/javascript\">\n\/* <![CDATA[ *\/\n\/*! This file is auto-generated *\/\n!function(d,l){\"use strict\";l.querySelector&&d.addEventListener&&\"undefined\"!=typeof URL&&(d.wp=d.wp||{},d.wp.receiveEmbedMessage||(d.wp.receiveEmbedMessage=function(e){var t=e.data;if((t||t.secret||t.message||t.value)&&!\/[^a-zA-Z0-9]\/.test(t.secret)){for(var s,r,n,a=l.querySelectorAll('iframe[data-secret=\"'+t.secret+'\"]'),o=l.querySelectorAll('blockquote[data-secret=\"'+t.secret+'\"]'),c=new RegExp(\"^https?:$\",\"i\"),i=0;i<o.length;i++)o[i].style.display=\"none\";for(i=0;i<a.length;i++)s=a[i],e.source===s.contentWindow&&(s.removeAttribute(\"style\"),\"height\"===t.message?(1e3<(r=parseInt(t.value,10))?r=1e3:~~r<200&&(r=200),s.height=r):\"link\"===t.message&&(r=new URL(s.getAttribute(\"src\")),n=new URL(t.value),c.test(n.protocol))&&n.host===r.host&&l.activeElement===s&&(d.top.location.href=t.value))}},d.addEventListener(\"message\",d.wp.receiveEmbedMessage,!1),l.addEventListener(\"DOMContentLoaded\",function(){for(var e,t,s=l.querySelectorAll(\"iframe.wp-embedded-content\"),r=0;r<s.length;r++)(t=(e=s[r]).getAttribute(\"data-secret\"))||(t=Math.random().toString(36).substring(2,12),e.src+=\"#?secret=\"+t,e.setAttribute(\"data-secret\",t)),e.contentWindow.postMessage({message:\"ready\",secret:t},\"*\")},!1)))}(window,document);\n\/* ]]> *\/\n<\/script>\n","description":"L\u2019ann\u00e9e 1492 a \u00e9t\u00e9 marqu\u00e9e en Espagne par une fuite massive des membres de la communaut\u00e9 juive, contraints par la Royaut\u00e9 de choisir entre exode ou conversion catholique. Plus de cinq si\u00e8cles apr\u00e8s le d\u00e9cret d\u2019expulsion, le Ministre Espagnol de la Justice, Alberto Ruiz-Gallardon, estimant devoir r\u00e9gler \u00ab la dette \u00bb de l\u2019Etat Espagnol envers [&hellip;]"}

Obtention de la nationalité espagnole - Abitbol Associes

<blockquote class="wp-embedded-content" data-secret="zhBG6A2VS2"><a href="https://www.abitbol-associes.com/fr/obtention-de-la-nationalite-espagnole/">Obtention de la nationalité espagnole</a></blockquote><iframe sandbox="allow-scripts" security="restricted" src="https://www.abitbol-associes.com/fr/obtention-de-la-nationalite-espagnole/embed/#?secret=zhBG6A2VS2" width="600" height="338" title="« Obtention de la nationalité espagnole » &#8212; Abitbol Associes" data-secret="zhBG6A2VS2" frameborder="0" marginwidth="0" marginheight="0" scrolling="no" class="wp-embedded-content"></iframe><script type="text/javascript">
/* <![CDATA[ */
/*! This file is auto-generated */
!function(d,l){"use strict";l.querySelector&&d.addEventListener&&"undefined"!=typeof URL&&(d.wp=d.wp||{},d.wp.receiveEmbedMessage||(d.wp.receiveEmbedMessage=function(e){var t=e.data;if((t||t.secret||t.message||t.value)&&!/[^a-zA-Z0-9]/.test(t.secret)){for(var s,r,n,a=l.querySelectorAll('iframe[data-secret="'+t.secret+'"]'),o=l.querySelectorAll('blockquote[data-secret="'+t.secret+'"]'),c=new RegExp("^https?:$","i"),i=0;i<o.length;i++)o[i].style.display="none";for(i=0;i<a.length;i++)s=a[i],e.source===s.contentWindow&&(s.removeAttribute("style"),"height"===t.message?(1e3<(r=parseInt(t.value,10))?r=1e3:~~r<200&&(r=200),s.height=r):"link"===t.message&&(r=new URL(s.getAttribute("src")),n=new URL(t.value),c.test(n.protocol))&&n.host===r.host&&l.activeElement===s&&(d.top.location.href=t.value))}},d.addEventListener("message",d.wp.receiveEmbedMessage,!1),l.addEventListener("DOMContentLoaded",function(){for(var e,t,s=l.querySelectorAll("iframe.wp-embedded-content"),r=0;r<s.length;r++)(t=(e=s[r]).getAttribute("data-secret"))||(t=Math.random().toString(36).substring(2,12),e.src+="#?secret="+t,e.setAttribute("data-secret",t)),e.contentWindow.postMessage({message:"ready",secret:t},"*")},!1)))}(window,document);
/* ]]> */
</script>

L’année 1492 a été marquée en Espagne par une fuite massive des membres de la communauté juive, contraints par la Royauté de choisir entre exode ou conversion catholique. Plus de cinq siècles après le décret d’expulsion, le Ministre Espagnol de la Justice, Alberto Ruiz-Gallardon, estimant devoir régler « la dette » de l’Etat Espagnol envers [&hellip;]
